alculate z(m).
-3
Let s(c) = -18*c**2 - 5*c - 3. Let w(x) = -4*x**2 - 49*x - 138. Let t be w(-8). Calculate s(t).
-65
Let b be (6/(-4))/(90/6540). Let t = -107 - b. Let n(x) = 4*x**2 + 2*x - 1. What is n(t)?
19
Let k(l) = 11*l**3 + 21*l**2 + 9*l - 20. Let b(i) = 25*i**3 + 40*i**2 + 17*i - 38. Let u(a) = -3*b(a) + 7*k(a). Give u(-13).
-13
Let y(i) = -64*i**2 + 39*i - 45. Let v(o) = -273*o**2 + 154*o - 180. Let u(j) = -3*v(j) + 13*y(j). Calculate u(1).
-13
Let s be (0 + 3/(-6))*-12. Let t(c) be the third derivative of -15*c - 1/2*c**3 + 1/120*c**6 + 0 - 1/12*c**5 + 2*c**2 - 1/4*c**4. What is t(s)?
-3
Let s = 468 - 431. Let n be (-5)/(-2)*(-420)/(-50). Suppose 4*i + n = -3*u, 5*u = 5*i + s - 2. Let r(q) = -q**2 - 6*q - 6. Give r(i).
-6
Let y(m) = -m**3 - 6*m**2 - m - 5. Suppose 151 = -9*h + 556. Let g be 2/(3/h*-5). Give y(g).
1
Let h(j) = 7*j**2 - 4*j + 10. Let w(g) = -34*g**2 + 21*g - 49. Let l(v) = 11*h(v) + 2*w(v). Let f(s) = -2*s**2 - 2*s - 1. Let y(a) = -4*f(a) - l(a). Give y(6).
16
Let a(j) = 28*j**2 - 22*j + 110. Let q(k) = 15*k**2 - 11*k + 59. Let z(r) = 8*a(r) - 15*q(r). Calculate z(-10).
5
Let u(l) be the second derivative of -l**6/72 + l**5/60 - 47*l**4/4 + 105*l. Let n(p) be the third derivative of u(p). Calculate n(2).
-18
Let m(f) = -f - 1. Let c = -93 + 126. Suppose c = 7*d - 2. Suppose -15 = -5*z + 5*v, d*z - v = 5 - 2. Calculate m(z).
-1
Let x(z) be the third derivative of 0*z + 0 - 1/6*z**4 - 8/3*z**3 - 50*z**2. What is x(-6)?
8
Let j(n) be the second derivative of -n**4/12 - n**3 - 5*n**2/2 + 1885*n - 1. Determine j(-4).
3
Let m(w) be the second derivative of -17*w**3/6 - 7*w**2 - w - 1292. Determine m(-5).
71
Let d(l) = l**3 - 6*l**2 + 3. Suppose 0 = 19*z - 106*z + 522. Calculate d(z).
3
Let o(z) = -z + 9. Suppose -134*d - 674 - 800 = 0. Give o(d).
20
Suppose -6*p + 11 = -31. Let n(a) be the second derivative of -a**3/6 + 5*a**2 + a - 13. Determine n(p).
3
Let p(m) = m**3 + 5*m**2 + 3*m - 4. Let l be p(-3). Let k(d) be the second derivative of -d**3/3 + 6*d**2 + 815*d. Determine k(l).
2
Let v(g) = -g**2 + 5*g - 2. Suppose 2*r + q - 12 = 0, -16 = -5*r + q - 0. Determine v(r).
2
Let a(p) = -67 - 35*p + 237 - 39. Determine a(4).
-9
Let n(y) = -y**2 - 10*y - 12. Let u(p) be the first derivative of -7/2*p**2 + 19 + 34*p. Let a be u(6). Give n(a).
4
Let r(t) = 4*t + 30. Suppose -10*u + 22*u = 24. Suppose 108 = -10*d - u*d. Calculate r(d).
-6
Let w(r) be the third derivative of -1/60*r**5 + 0 + 0*r + r**2 + 1/3*r**3 - 1/6*r**4. Let d(o) = 7*o - 47. Let k be d(6). Determine w(k).
-3
Let v(p) = -7*p + 11. Let q = -3946 + 3947. Give v(q).
4
Let r(j) = -45*j + 44. Let d = -3413 + 3414. Give r(d).
-1
Let o(f) be the third derivative of -f**6/60 - 17*f**5/60 - 5*f**4/12 - 11*f**3/6 - 7065*f**2. Calculate o(-8).
5
Let m(r) = 6*r - 20. Let k(z) = -1. Let y(b) = -6*k(b) + m(b). Let v be y(4). Let h(q) = -13*q - 6*q**2 + q**3 - 1 + 29*q - v*q. Calculate h(4).
-9
Let k(u) be the third derivative of u**6/120 - u**5/12 + u**4/8 - 2*u**2. Suppose -34 = 4*l - 5*x, -4*l - 4*x - 363 = -419. Calculate k(l).
-4
Let p = -4652 + 4659. Let h(m) = m**2 - 6*m + 9. Give h(p).
16
Let b(l) = 14*l**3 - 5*l**2 + 175*l - 10. Let i(u) = -15*u**3 + 6*u**2 - 197*u + 11. Let g(j) = -9*b(j) - 8*i(j). Determine g(1).
-6
Suppose 0 = 4*a - w - 12, -5*w = 85*a - 88*a + 9. Let d(q) = -q**2 + 30*q - 83. What is d(a)?
-2
Suppose 4*i + 21 = 89. Suppose -i = -3*x - 5. Suppose -4*j = 5*l + 52, 2*l + 32 + 8 = -x*j. Let t(p) = -p**2 - 7*p + 4. Calculate t(j).
-4
Let z(x) = 51*x**2 + 63*x - 94. Let i(f) = 22*f**2 + 29*f - 47. Let h(m) = -7*i(m) + 3*z(m). Give h(3).
-4
Let u(i) = 2*i**2 - 5*i - 28. Suppose 4*h + 28 = -3*m, 0 = 5*h + 6*m - 7*m + 16. Determine u(h).
24
Let u(o) = -35*o**3 + 23*o**2 + 17*o + 22. Let g(w) = -41*w**3 + 23*w**2 + 16*w + 23. Let f(n) = 6*g(n) - 7*u(n). Give f(-22).
6
Let d(r) = -r**2 + 2. Let l be (-1*2*-1)/(-1). Let u(w) = -2. Let b(o) = l*d(o) - 3*u(o). Let m be -1 + -1 + -3 + (-5 - 1 - -9). Calculate b(m).
10
Suppose 0 = 4*f - 12 - 12. Suppose -4*w + q - f*q = -13, -q = w - 3. Suppose 4*y + 4*o = 28, 4*y - 4*o + w*o = 4. Let h(l) = -2*l**2 + 3*l + 3. Give h(y).
-6
Let c(d) = -1 - 83*d + 12*d**2 - 144*d + 227*d. Suppose -3*w + 11 = 5*j, 11 = 5*j - 4*j + 5*w. Calculate c(j).
11
Let c be 22/4 + -4 + 15/(-6). Let x(f) = 23*f - 2. Calculate x(c).
-25
Let t(u) = -17*u - 71. Let i(f) = -3*f**3 - 63*f**2 - 60*f - 4. Let c be i(-20). Determine t(c).
-3
Let w(s) be the third derivative of -s**5/60 - 7*s**4/6 - 22*s**3/3 - 6042*s**2. Give w(-20).
116
Let x(r) be the first derivative of 2*r**3/3 - 21*r**2/2 - 7*r + 3. Suppose 0 = 847*a - 909*a + 682. What is x(a)?
4
Let n(s) = 2*s**3 + 8*s**2 + 3*s - 5. Suppose 88*f + 2 = 92*f + 6. Calculate n(f).
-2
Suppose -5*f + b + 30 = 0, -f - 5*b + 6 = -6*b. Let w(p) = 0 + 2608*p**3 - 2*p - 2607*p**3 - 1 + 6*p - f*p**2. Determine w(5).
-6
Let q = -737 - -742. Suppose 5*i = n + 22, -q*n = -10*i + 6*i + 26. Let x(k) = -2*k**2 + 2*k + 3. Calculate x(i).
-21
Let b(i) = -5*i - 54. Let m be (340/170*(66/4)/(-3))/1. What is b(m)?
1
Let i(p) = -p**3 - 8*p**2 - 2*p - 12. Let d be i(-8). Suppose -d*g - 5 = -3*n, -n + 2*g - 11 + 10 = 0. Let f(r) = 7*r - 47. What is f(n)?
2
Let l be ((-69)/230)/((-2)/10)*-2. Let q(g) = g**2 + 3*g - 4. What is q(l)?
-4
Let t(o) be the third derivative of -44*o**2 - 1/12*o**4 + 0 - 13/6*o**3 + 0*o. Calculate t(0).
-13
Let t(d) = 27*d**2 + 188*d - 115. Let o(j) = 11*j**2 + 76*j - 45. Let n(b) = -22*o(b) + 9*t(b). What is n(-23)?
24
Let x(i) = -i**3 - 8*i**2 + 3*i + 8. Let d be 1152/(-198) + 5 + (-171)/33. Give x(d).
-82
Let d(b) = 5*b**3 - 2*b**2 - 7*b - 3. Let x(f) be the second derivative of f**5/10 + f**2/2 - 238*f. Let l(p) = -d(p) + 2*x(p). Calculate l(4).
1
Let t(r) = -5*r - 18. Let k(m) = -7*m - 36. Let p(b) = 4*k(b) - 7*t(b). What is p(3)?
3
Let y(z) be the third derivative of -z**4/12 - 8*z**3/3 - 10*z**2 + 3. Calculate y(-10).
4
Let v(t) be the second derivative of t**4/4 - 7*t**3/2 - 21*t**2 - 1422*t. Give v(9).
12
Let r be ((-2)/5)/((-3)/120) - 1. Let m(d) = -1 - r*d**2 + 1 + 9*d - 8 + 14*d**2. What is m(6)?
10
Let r(b) = 15*b - 1. Let z(k) = k. Let o(d) = r(d) - 3*z(d). Let f = -21040 + 21042. What is o(f)?
23
Let f be (72/(-40))/((-33)/110). Let r(m) = -6*m + 9*m**2 - 3*m**2 - 4*m**2. Calculate r(f).
36
Let k(x) = -x**3 + 11*x**2 + 14*x - 14. Let z(o) be the second derivative of -o**4/6 - o**3/3 - o**2 + 24*o - 1. Let q(y) = -k(y) - 2*z(y). Calculate q(8).
2
Let y(t) = 6 + t - 4 + 8. Let o(z) = 5713*z - 125702. Let p be o(22). Calculate y(p).
-6
Suppose 4*a - 5*w = -183, 71 = -2*a - 4*w - 27. Let c = 1097 + -1050. Let j = a + c. Let h(q) = q + 4. What is h(j)?
4
Let j(o) be the third derivative of o**6/120 + o**5/30 + o**4/8 + o**3 + 2059*o**2. What is j(-3)?
-12
Suppose -k - 3*a = -5*a + 15, -2*k + 5*a - 34 = 0. Let o(l) = 117*l**3 + 513*l - 6*l**2 - 118*l**3 - 124*l - 128*l - 124*l + 2 - 131*l. Calculate o(k).
9
Let s(a) = -4 + 5 + 2 - a. Let k be s(0). Let v(h) be the second derivative of -h**5/20 + h**4/4 - h**3/3 + 2*h**2 + 48*h + 57. Give v(k).
-2
Let z(b) = -1 + 7*b**2 + 6*b**2 - 12*b + 12*b - 12*b**2. Determine z(-2).
3
Let m = 4744 + -4750. Let z(j) = -5*j - 39. Calculate z(m).
-9
Let b be (0 - (9 - 338))*(-2)/(-7). Let v = b - 95. Let m(q) = 28*q**2 + 1. Calculate m(v).
29
Let p(x) be the first derivative of x**3/3 + 9*x**2/2 + 7*x + 111. Let t(b) = -11 - 3*b - b - b**2 + 36. Let s be t(-8). What is p(s)?
-7
Let i be (-3)/9 + ((-372)/(-9))/1. Suppose -5*z + 3*p = -i, 2*z + p = 5 + 7. Let r(b) = -z - 3 - 6*b + 8. Determine r(-2).
10
Let k(f) be the third derivative of f**6/120 - 13*f**5/60 - f**4/6 + 35*f**3/3 + 137*f**2. Let a be k(13). Let y(d) = -d**3 + 18*d**2 - d + 23. Determine y(a).
5
Let m(y) = y - 4. Let v = -31 - -96. Let h = v - 63. Suppose 0 = h*p - 3*p - 4*j + 20, -3*j + 28 = 4*p. What is m(p)?
0
Let q(l) = l**3 + 2*l**2 - 4*l + 1. Let x = -67 - -74. Suppose 5*m = y - 12, 0 = -4*m - 11*y + x*y - 24. Determine q(m).
4
Let i(y) = -7*y. Let g = 155 + -148. Suppose -2*u = 5*u + g. Give i(u).
7
Suppose 9*z = -38 + 74. Let a be (-155)/(-95)*-3 - z/38. Let y(g) = 4*g**2 + 10*g + 3. Let v(r) = 3*r**2 + 9*r + 4. Let k(s) = -3*v(s) + 2*y(s). Give k(a).
4
Let q(p) = -p**2 - 2